 of 45 and 5.
5
What is the greatest common divisor of 602 and 258?
86
What is the highest common divisor of 20 and 1888?
4
What is the highest common factor of 36980 and 344?
172
What is the greatest common divisor of 147 and 43071?
147
What is the greatest common factor of 228 and 10108?
76
What is the highest common divisor of 56 and 24?
8
What is the highest common divisor of 4480 and 805?
35
What is the greatest common factor of 9 and 225?
9
Calculate the highest common factor of 299 and 6187.
23
What is the highest common divisor of 365 and 949?
73
What is the highest common factor of 2718 and 604?
302
What is the highest common divisor of 21754 and 146?
146
Calculate the highest common divisor of 133 and 427.
7
Calculate the highest common factor of 48 and 16176.
48
Calculate the highest common divisor of 4005 and 75.
15
What is the highest common divisor of 57 and 760?
19
Calculate the highest common divisor of 949 and 146.
73
What is the greatest common divisor of 476 and 884?
68
What is the greatest common factor of 17018 and 134?
134
Calculate the greatest common factor of 1265 and 55.
55
What is the highest common factor of 945 and 54?
27
Calculate the greatest common factor of 12805 and 65.
65
What is the highest common divisor of 1500 and 900?
300
Calculate the greatest common divisor of 1565 and 1.
1
Calculate the highest common divisor of 86 and 2.
2
What is the highest common divisor of 12492 and 36?
36
What is the greatest common divisor of 75 and 405?
15
Calculate the highest common divisor of 14457 and 183.
183
Calculate the highest common divisor of 16 and 7984.
16
Calculate the greatest common factor of 261 and 29.
29
What is the greatest common divisor of 744 and 204?
12
What is the highest common factor of 106 and 86?
2
What is the greatest common factor of 88 and 242?
22
Calculate the greatest common divisor of 6890 and 130.
130
What is the highest common divisor of 135 and 675?
135
What is the highest common factor of 5 and 1115?
5
What is the highest common divisor of 120 and 15?
15
Calculate the greatest common factor of 2032 and 8.
8
What is the greatest common factor of 248 and 8?
8
Calculate the greatest common divisor of 189 and 84.
21
Calculate the greatest common factor of 11 and 1727.
11
Calculate the highest common factor of 23 and 4531.
23
What is the greatest common factor of 820 and 400?
20
What is the highest common factor of 1395 and 135?
45
What is the greatest common factor of 68 and 24599?
17
What is the highest common factor of 152 and 646?
38
Calculate the greatest common divisor of 2272 and 32.
32
What is the highest common factor of 580 and 160?
20
What is the greatest common factor of 170 and 10?
10
Calculate the highest common factor of 60 and 1470.
30
Calculate the highest common divisor of 12 and 1671.
3
Calculate the greatest common divisor of 1024 and 48.
16
What is the highest common divisor of 7453 and 29?
29
Calculate the highest common divisor of 12 and 66.
6
What is the greatest common factor of 24 and 279?
3
Calculate the highest common factor of 837 and 186.
93
What is the greatest common factor of 71 and 2840?
71
What is the highest common divisor of 3 and 147?
3
What is the greatest common factor of 388 and 132?
4
Calculate the greatest common divisor of 1190 and 70.
70
Calculate the highest common factor of 21 and 511.
7
Calculate the highest common factor of 68 and 5746.
34
Calculate the highest common divisor of 60 and 200.
20
Calculate the greatest common divisor of 602 and 172.
86
Calculate the greatest common divisor of 10578 and 984.
246
Calculate the greatest common factor of 128 and 24.
8
Calculate the highest common divisor of 53579 and 131.
131
Calculate the greatest common factor of 108 and 5916.
12
Calculate the greatest common divisor of 12 and 2276.
4
What is the highest common factor of 82 and 12874?
82
Calculate the highest common divisor of 17940 and 1150.
230
What is the greatest common divisor of 40 and 920?
40
Calculate the highest common factor of 55 and 5995.
55
What is the greatest common divisor of 1441 and 110?
11
Calculate the greatest common divisor of 4 and 536.
4
What is the highest common factor of 2491 and 53?
53
Calculate the greatest common factor of 909 and 126.
9
What is the greatest common factor of 72 and 18?
18
What is the highest common factor of 246 and 6642?
246
What is the greatest common factor of 48 and 72?
24
What is the greatest common factor of 17 and 11?
1
Calculate the greatest common factor of 3213 and 34.
17
What is the greatest common factor of 10 and 1280?
10
What is the highest common factor of 16932 and 1245?
249
What is the greatest common divisor of 68 and 374?
34
Calculate the highest common divisor of 11 and 1254.
11
What is the greatest common factor of 6026 and 46?
46
Calculate the highest common divisor of 312 and 117.
39
Calculate the highest common divisor of 2279 and 215.
43
Calculate the greatest common divisor of 108 and 6696.
108
What is the greatest common divisor of 150 and 6?
6
Calculate the highest common factor of 1350 and 108.
54
What is the greatest common divisor of 162 and 153?
9
Calculate the highest common divisor of 2958 and 1632.
102
Calculate the highest common factor of 34 and 14.
2
Calculate the highest common factor of 57 and 95.
19
What is the highest common factor of 385 and 1232?
77
Calculate the highest common factor of 36 and 7461.
9
Calculate the highest common factor of 864 and 1566.
54
Calculate the greatest common divisor of 14 and 385.
7
Calculate the highest common divisor of 2989 and 98.
49
What is the greatest common divisor of 10 and 1123?
1
What is the highest common factor of 609 and 232?
29
Calculate the greatest common factor of 2792 and 32.
8
What is the greatest common factor of 45 and 3240?
45
Calculate the greatest common factor of 53 and 795.
53
Calculate the greatest common factor of 15 and 250.
5
Calculate the greatest common factor of 203 and 145.
29
Calculate the greatest common divisor of 660 and 150.
30
Calculate the greatest common divisor of 2100 and 21.
21
What is the greatest common divisor of 36348 and 208?
52
Calculate the highest common factor of 18 and 250.
2
What is the highest common divisor of 12 and 648?
12
What is the highest common factor of 2 and 41?
1
What is the greatest common divisor of 520 and 60?
20
Calculate the highest common factor of 602 and 258.
86
What is the highest common divisor of 3 and 624?
3
Calculate the greatest common factor of 2829 and 984.
123
What is the greatest common factor of 175 and 70?
35
What is the highest common divisor of 1140 and 57?
57
What is the highest common factor of 16 and 16128?
16
What is the highest common factor of 72 and 1314?
18
Calculate the highest common divisor of 106554 and 118.
118
What is the greatest common divisor of 480 and 672?
96
Calculate the greatest common factor of 48 and 288.
48
Calculate the highest common factor of 468 and 17433.
117
What is the highest common factor of 143 and 325?
13
What is the highest common factor of 12 and 606?
6
Calculate the highest common divisor of 28 and 92.
4
What is the greatest common factor of 3 and 37?
1
Calculate the greatest common divisor of 209 and 1121.
19
What is the highest common divisor of 1364 and 88?
44
What is the greatest common divisor of 5900 and 700?
100
Calculate the highest common factor of 80 and 130.
10
What is the greatest common factor of 15 and 480?
15
What is the highest common divisor of 270 and 378?
54
Calculate the highest common divisor of 84 and 154.
14
What is the greatest common factor of 2 and 3166?
2
Calculate the highest common factor of 720 and 440.
40
Calculate the greatest common factor of 27 and 21.
3
Calculate the greatest common factor of 1561 and 7.
7
What is the highest common factor of 122 and 61?
61
What is the highest common divisor of 51 and 57?
3
Calculate the greatest common factor of 608 and 8.
8
Calculate the highest common divisor of 799 and 47.
47
Calculate the greatest common factor of 2410 and 20.
10
Calculate the greatest common factor of 165 and 627.
33
What is the highest common factor of 13 and 767?
13
What is the highest common divisor of 370 and 2146?
74
What is the greatest common divisor of